
Calculate the remainder when 229 is divided by 12.
1
What is the remainder when 5899 is divided by 100?
99
Calculate the remainder when 95 is divided by 16.
15
Calculate the remainder when 263 is divided by 22.
21
What is the remainder when 524 is divided by 49?
34
Calculate the remainder when 113 is divided by 58.
55
What is the remainder when 37 is divided by 16?
5
Calculate the remainder when 610 is divided by 11.
5
What is the remainder when 410 is divided by 138?
134
Calculate the remainder when 86 is divided by 8.
6
What is the remainder when 345 is divided by 29?
26
Calculate the remainder when 3479 is divided by 1734.
11
Calculate the remainder when 135 is divided by 38.
21
What is the remainder when 645 is divided by 131?
121
What is the remainder when 7521 is divided by 36?
33
What is the remainder when 246 is divided by 76?
18
Calculate the remainder when 908 is divided by 530.
378
Calculate the remainder when 1730 is divided by 559.
53
Calculate the remainder when 386 is divided by 173.
40
What is the remainder when 185 is divided by 94?
91
Calculate the remainder when 411 is divided by 9.
6
What is the remainder when 118 is divided by 26?
14
Calculate the remainder when 461 is divided by 58.
55
Calculate the remainder when 24 is divided by 16.
8
What is the remainder when 171 is divided by 59?
53
What is the remainder when 281 is divided by 86?
23
What is the remainder when 3470 is divided by 29?
19
Calculate the remainder when 365 is divided by 39.
14
What is the remainder when 227 is divided by 69?
20
Calculate the remainder when 787 is divided by 11.
6
Calculate the remainder when 599 is divided by 68.
55
What is the remainder when 287 is divided by 29?
26
Calculate the remainder when 826 is divided by 36.
34
Calculate the remainder when 723 is divided by 34.
9
What is the remainder when 209 is divided by 15?
14
Calculate the remainder when 60 is divided by 14.
4
What is the remainder when 34 is divided by 15?
4
What is the remainder when 244 is divided by 51?
40
Calculate the remainder when 356 is divided by 70.
6
What is the remainder when 297 is divided by 13?
11
What is the remainder when 899 is divided by 81?
8
What is the remainder when 4330 is divided by 432?
10
What is the remainder when 249 is divided by 43?
34
What is the remainder when 18 is divided by 12?
6
Calculate the remainder when 322 is divided by 301.
21
What is the remainder when 573 is divided by 14?
13
Calculate the remainder when 5325 is divided by 1775.
0
What is the remainder when 813 is divided by 376?
61
Calculate the remainder when 1393 is divided by 51.
16
What is the remainder when 3134 is divided by 101?
3
What is the remainder when 84 is divided by 31?
22
Calculate the remainder when 579 is divided by 63.
12
Calculate the remainder when 896 is divided by 66.
38
Calculate the remainder when 359 is divided by 93.
80
What is the remainder when 24 is divided by 9?
6
Calculate the remainder when 270 is divided by 184.
86
Calculate the remainder when 310 is divided by 45.
40
What is the remainder when 81 is divided by 14?
11
What is the remainder when 8754 is divided by 219?
213
What is the remainder when 94 is divided by 25?
19
Calculate the remainder when 463 is divided by 227.
9
Calculate the remainder when 991 is divided by 14.
11
What is the remainder when 85 is divided by 80?
5
What is the remainder when 86 is divided by 44?
42
What is the remainder when 509 is divided by 32?
29
Calculate the remainder when 140 is divided by 120.
20
What is the remainder when 2005 is divided by 86?
27
What is the remainder when 165 is divided by 19?
13
Calculate the remainder when 22 is divided by 15.
7
Calculate the remainder when 204 is divided by 5.
4
Calculate the remainder when 348 is divided by 89.
81
Calculate the remainder when 7994 is divided by 90.
74
Calculate the remainder when 11197 is divided by 15.
7
What is the remainder when 189 is divided by 165?
24
Calculate the remainder when 3373 is divided by 15.
13
What is the remainder when 733 is divided by 19?
11
What is the remainder when 7843 is divided by 4?
3
Calculate the remainder when 127 is divided by 32.
31
Calculate the remainder when 217 is divided by 10.
7
Calculate the remainder when 771 is divided by 193.
192
What is the remainder when 188 is divided by 32?
28
Calculate the remainder when 545 is divided by 42.
41
Calculate the remainder when 77 is divided by 77.
0
What is the remainder when 274 is divided by 25?
24
Calculate the remainder when 668 is divided by 61.
58
Calculate the remainder when 15266 is divided by 10.
6
Calculate the remainder when 189 is divided by 19.
18
Calculate the remainder when 204 is divided by 5.
4
Calculate the remainder when 314 is divided by 227.
87
What is the remainder when 2312 is divided by 89?
87
Calculate the remainder when 131 is divided by 27.
23
What is the remainder when 488 is divided by 393?
95
Calculate the remainder when 1545 is divided by 156.
141
Calculate the remainder when 244 is divided by 66.
46
Calculate the remainder when 15134 is divided by 44.
42
Calculate the remainder when 44 is divided by 12.
8
What is the remainder when 283 is divided by 16?
11
Calculate the remainder when 164 is divided by 5.
4
Calculate the remainder when 33 is divided by 12.
9
What is the remainder when 30 is divided by 8?
6
What is the remainder when 1340 is divided by 166?
12
Calculate the remainder when 1923 is divided by 11.
9
What is the remainder when 745 is divided by 23?
9
Calculate the remainder when 436 is divided by 428.
8
What is the remainder when 230 is divided by 65?
35
What is the remainder when 2543 is divided by 8?
7
What is the remainder when 32 is divided by 10?
2
Calculate the remainder when 123 is divided by 14.
11
What is the remainder when 2823 is divided by 914?
81
Calculate the remainder when 934 is divided by 28.
10
Calculate the remainder when 371 is divided by 15.
11
What is the remainder when 99 is divided by 25?
24
Calculate the remainder when 42261 is divided by 9.
6
Calculate the remainder when 870 is divided by 7.
2
Calculate the remainder when 1003 is divided by 72.
67
What is the remainder when 585 is divided by 14?
11
Calculate the remainder when 1122 is divided by 161.
156
Calculate the remainder when 237 is divided by 79.
0
Calculate the remainder when 532 is divided by 106.
2
What is the remainder when 1520 is divided by 396?
332
What is the remainder when 52 is divided by 3?
1
What is the remainder when 1099 is divided by 50?
49
What is the remainder when 293 is divided by 37?
34
What is the remainder when 1445 is divided by 21?
17
Calculate the remainder when 296 is divided by 47.
14
What is the remainder when 237 is divided by 23?
7
What is the remainder when 177 is divided by 62?
53
Calculate the remainder when 52 is divided by 28.
24
What is the remainder when 1920 is divided by 10?
0
Calculate the remainder when 3156 is divided by 166.
2
What is the remainder when 1047 is divided by 52?
7
What is the remainder when 279 is divided by 3?
0
Calculate the remainder when 1082 is divided by 154.
4
Calculate the remainder when 44067 is divided by 130.
127
Calculate the remainder when 107 is divided by 28.
23
What is the remainder when 1208 is divided by 218?
118
What is the remainder when 403 is divided by 27?
25
Calculate the remainder when 7 is divided by 2.
1
Calculate the remainder when 1509 is divided by 151.
150
Calculate the remainder when 78 is divided by 3.
0
Calculate the remainder when 143 is divided by 16.
15
Calculate the remainder when 218 is divided by 66.
20
Calculate the remainder when 45574 is divided by 17.
14
What is the remainder when 191 is divided by 48?
47
What is the remainder when 338 is divided by 17?
15
What is the remainder when 36 is divided by 8?
4
Calculate the remainder when 134 is divided by 72.
62
What is the remainder when 197 is divided by 2?
1
Calculate the remainder when 629 is divided by 216.
197
Calculate the remainder when 528 is divided by 77.
66
Calculate the remainder when 756 is divided by 75.
6
Calculate the remainder when 2176 is divided by 31.
6
What is the remainder when 364 is divided by 207?
157
Calculate the remainder when 124946 is divided by 307.
304
Calculate the 